{"id":398,"date":"2024-06-17T10:20:23","date_gmt":"2024-06-17T10:20:23","guid":{"rendered":"https:\/\/libert-art.com\/?page_id=398"},"modified":"2024-06-17T10:29:16","modified_gmt":"2024-06-17T10:29:16","slug":"les-profils","status":"publish","type":"page","link":"https:\/\/libert-art.com\/index.php\/les-profils\/","title":{"rendered":"Les profils de b\u00e9n\u00e9ficiaires"},"content":{"rendered":"\n<p>La Musicoth\u00e9rapie, l&rsquo;Art-th\u00e9rapie et l&rsquo;olfactoth\u00e9rapie s&rsquo;adressent \u00e0 tous tant la cr\u00e9ativit\u00e9 est au service de ces pratiques. Cependant tout est question d&rsquo;adaptation des exercices en fonction du b\u00e9n\u00e9ficiaire.<\/p>\n\n\n\n<p>Les exercices et m\u00e9diums sont choisis en fonction de  ce que vous venez am\u00e9liorer. La th\u00e9rapeute part toujours de l\u00e0 o\u00f9 se situe le b\u00e9n\u00e9ficiaire pour l&rsquo;amener vers ce qui va rendre sa vie meilleure. <\/p>\n\n\n\n<p>C&rsquo;est la raison pour laquelle le premier entretien correspond \u00e0 une anamn\u00e8se qui dure environ 30 minutes et si nous d\u00e9cidons de collaborer plus amplement, je vous propose la d\u00e9coration d&rsquo;une pochette \u00e0 dessin dans laquelle je mettrai vos \u0153uvres.<\/p>\n\n\n\n<p>Toutes les 6 \u00e0 8 s\u00e9ances, un bilan peut \u00eatre fait  pour constater les progr\u00e8s et choisir la d\u00e9marche \u00e0 suivre.<\/p>\n\n\n<div class=\"wp-block-image\">\n<figure class=\"aligncenter size-full\"><img loading=\"lazy\" decoding=\"async\" width=\"626\" height=\"417\" src=\"https:\/\/libert-art.com\/wp-content\/uploads\/2024\/06\/Echange.jpg\" alt=\"\" class=\"wp-image-399\" srcset=\"https:\/\/libert-art.com\/wp-content\/uploads\/2024\/06\/Echange.jpg 626w, https:\/\/libert-art.com\/wp-content\/uploads\/2024\/06\/Echange-300x200.jpg 300w\" sizes=\"auto, (max-width: 626px) 100vw, 626px\" \/><\/figure>\n<\/div>\n\n\n<p>Vous \u00eates porteur d&rsquo;un handicap cognitif : <a href=\"https:\/\/libert-art.com\/index.php\/les-personnes-neuro-atypiques\/\" data-type=\"page\" data-id=\"384\">Les personnes neuro-atypiques<\/a><\/p>\n\n\n\n<p>Vous avez un profil neurotypique ou \u00eates handicap\u00e9 moteur <a href=\"https:\/\/libert-art.com\/index.php\/art-therapie-musicotherapie-et-profil-neurotypique\/\" data-type=\"page\" data-id=\"373\">Art-th\u00e9rapie\/ Musicoth\u00e9rapie et profil neurotypique<\/a><\/p>\n\n\n\n<p>Vous voulez en savoir plus sur le d\u00e9roul\u00e9 d&rsquo;une s\u00e9ance. Rendez-vous sur la page d&rsquo;accueil pour une courte vid\u00e9o : <a href=\"https:\/\/libert-art.com\/\" data-type=\"page\" data-id=\"57\">Accueil<\/a><\/p>\n","protected":false},"excerpt":{"rendered":"<p>La Musicoth\u00e9rapie, l&rsquo;Art-th\u00e9rapie et l&rsquo;olfactoth\u00e9rapie s&rsquo;adressent \u00e0 tous tant la cr\u00e9ativit\u00e9 est au service de ces pratiques. Cependant tout est question d&rsquo;adaptation des exercices en fonction du b\u00e9n\u00e9ficiaire. Les exercices et m\u00e9diums sont choisis en fonction de ce que vous venez am\u00e9liorer. La th\u00e9rapeute part toujours de l\u00e0 o\u00f9 se situe le b\u00e9n\u00e9ficiaire pour l&rsquo;amener&#8230;<\/p>\n","protected":false},"author":1,"featured_media":0,"parent":0,"menu_order":0,"comment_status":"closed","ping_status":"closed","template":"","meta":{"om_disable_all_campaigns":false,"_monsterinsights_skip_tracking":false,"_monsterinsights_sitenote_active":false,"_monsterinsights_sitenote_note":"","_monsterinsights_sitenote_category":0,"_kadence_starter_templates_imported_post":false,"_kad_post_transparent":"","_kad_post_title":"","_kad_post_layout":"","_kad_post_sidebar_id":"","_kad_post_content_style":"","_kad_post_vertical_padding":"","_kad_post_feature":"","_kad_post_feature_position":"","_kad_post_header":false,"_kad_post_footer":false,"footnotes":""},"class_list":["post-398","page","type-page","status-publish","hentry"],"_links":{"self":[{"href":"https:\/\/libert-art.com\/index.php\/wp-json\/wp\/v2\/pages\/398","targetHints":{"allow":["GET"]}}],"collection":[{"href":"https:\/\/libert-art.com\/index.php\/wp-json\/wp\/v2\/pages"}],"about":[{"href":"https:\/\/libert-art.com\/index.php\/wp-json\/wp\/v2\/types\/page"}],"author":[{"embeddable":true,"href":"https:\/\/libert-art.com\/index.php\/wp-json\/wp\/v2\/users\/1"}],"replies":[{"embeddable":true,"href":"https:\/\/libert-art.com\/index.php\/wp-json\/wp\/v2\/comments?post=398"}],"version-history":[{"count":4,"href":"https:\/\/libert-art.com\/index.php\/wp-json\/wp\/v2\/pages\/398\/revisions"}],"predecessor-version":[{"id":404,"href":"https:\/\/libert-art.com\/index.php\/wp-json\/wp\/v2\/pages\/398\/revisions\/404"}],"wp:attachment":[{"href":"https:\/\/libert-art.com\/index.php\/wp-json\/wp\/v2\/media?parent=398"}],"curies":[{"name":"wp","href":"https:\/\/api.w.org\/{rel}","templated":true}]}}