{"id":232,"date":"2023-10-23T17:01:15","date_gmt":"2023-10-23T17:01:15","guid":{"rendered":"https:\/\/libert-art.com\/?page_id=232"},"modified":"2023-11-07T18:51:46","modified_gmt":"2023-11-07T18:51:46","slug":"les-differentes-prestations","status":"publish","type":"page","link":"https:\/\/libert-art.com\/index.php\/les-differentes-prestations\/","title":{"rendered":"Les diff\u00e9rentes prestations :"},"content":{"rendered":"\n<ul class=\"wp-block-list\">\n<li>L&rsquo;Art-th\u00e9rapie<\/li>\n\n\n\n<li>L&rsquo;olfactoth\u00e9rapie<\/li>\n\n\n\n<li>La musicoth\u00e9rapie<\/li>\n<\/ul>\n\n\n\n<p><\/p>\n\n\n\n<div class=\"wp-block-group alignwide is-nowrap is-layout-flex wp-container-core-group-is-layout-ad2f72ca wp-block-group-is-layout-flex\">\n<figure class=\"wp-block-image size-large\"><img loading=\"lazy\" decoding=\"async\" width=\"1024\" height=\"576\" src=\"https:\/\/libert-art.com\/wp-content\/uploads\/2023\/10\/20231012_133552-1024x576.jpg\" alt=\"Montrer comment on peut se sentir avec les soins et ce qu on peut cr\u00e9er\" class=\"wp-image-233\" srcset=\"https:\/\/libert-art.com\/wp-content\/uploads\/2023\/10\/20231012_133552-1024x576.jpg 1024w, https:\/\/libert-art.com\/wp-content\/uploads\/2023\/10\/20231012_133552-300x169.jpg 300w, https:\/\/libert-art.com\/wp-content\/uploads\/2023\/10\/20231012_133552-768x432.jpg 768w, https:\/\/libert-art.com\/wp-content\/uploads\/2023\/10\/20231012_133552-1536x864.jpg 1536w, https:\/\/libert-art.com\/wp-content\/uploads\/2023\/10\/20231012_133552-2048x1152.jpg 2048w\" sizes=\"auto, (max-width: 1024px) 100vw, 1024px\" \/><\/figure>\n\n\n\n<figure class=\"wp-block-image size-large\"><img loading=\"lazy\" decoding=\"async\" width=\"1024\" height=\"681\" src=\"https:\/\/libert-art.com\/wp-content\/uploads\/2023\/10\/Pate-a-modeler-1024x681.jpg\" alt=\"\" class=\"wp-image-234\" srcset=\"https:\/\/libert-art.com\/wp-content\/uploads\/2023\/10\/Pate-a-modeler-1024x681.jpg 1024w, https:\/\/libert-art.com\/wp-content\/uploads\/2023\/10\/Pate-a-modeler-300x199.jpg 300w, https:\/\/libert-art.com\/wp-content\/uploads\/2023\/10\/Pate-a-modeler-768x511.jpg 768w, https:\/\/libert-art.com\/wp-content\/uploads\/2023\/10\/Pate-a-modeler.jpg 1280w\" sizes=\"auto, (max-width: 1024px) 100vw, 1024px\" \/><\/figure>\n\n\n\n<figure class=\"wp-block-image size-large\"><img loading=\"lazy\" decoding=\"async\" width=\"680\" height=\"1024\" src=\"https:\/\/libert-art.com\/wp-content\/uploads\/2023\/10\/Roi-fou-680x1024.jpg\" alt=\"\" class=\"wp-image-235\" srcset=\"https:\/\/libert-art.com\/wp-content\/uploads\/2023\/10\/Roi-fou-680x1024.jpg 680w, https:\/\/libert-art.com\/wp-content\/uploads\/2023\/10\/Roi-fou-199x300.jpg 199w, https:\/\/libert-art.com\/wp-content\/uploads\/2023\/10\/Roi-fou-768x1157.jpg 768w, https:\/\/libert-art.com\/wp-content\/uploads\/2023\/10\/Roi-fou.jpg 850w\" sizes=\"auto, (max-width: 680px) 100vw, 680px\" \/><\/figure>\n\n\n\n<figure class=\"wp-block-image size-large\"><img loading=\"lazy\" decoding=\"async\" width=\"1024\" height=\"768\" src=\"https:\/\/libert-art.com\/wp-content\/uploads\/2023\/10\/Aquarelles-fleurs-1024x768.jpg\" alt=\"\" class=\"wp-image-236\" srcset=\"https:\/\/libert-art.com\/wp-content\/uploads\/2023\/10\/Aquarelles-fleurs-1024x768.jpg 1024w, https:\/\/libert-art.com\/wp-content\/uploads\/2023\/10\/Aquarelles-fleurs-300x225.jpg 300w, https:\/\/libert-art.com\/wp-content\/uploads\/2023\/10\/Aquarelles-fleurs-768x576.jpg 768w, https:\/\/libert-art.com\/wp-content\/uploads\/2023\/10\/Aquarelles-fleurs.jpg 1280w\" sizes=\"auto, (max-width: 1024px) 100vw, 1024px\" \/><\/figure>\n\n\n\n<figure class=\"wp-block-image size-large\"><img loading=\"lazy\" decoding=\"async\" width=\"1024\" height=\"682\" src=\"https:\/\/libert-art.com\/wp-content\/uploads\/2023\/10\/Enfant-musique-active-1024x682.jpg\" alt=\"\" class=\"wp-image-237\" srcset=\"https:\/\/libert-art.com\/wp-content\/uploads\/2023\/10\/Enfant-musique-active-1024x682.jpg 1024w, https:\/\/libert-art.com\/wp-content\/uploads\/2023\/10\/Enfant-musique-active-300x200.jpg 300w, https:\/\/libert-art.com\/wp-content\/uploads\/2023\/10\/Enfant-musique-active-768x512.jpg 768w, https:\/\/libert-art.com\/wp-content\/uploads\/2023\/10\/Enfant-musique-active.jpg 1280w\" sizes=\"auto, (max-width: 1024px) 100vw, 1024px\" \/><\/figure>\n\n\n\n<figure class=\"wp-block-image size-large\"><img loading=\"lazy\" decoding=\"async\" width=\"1024\" height=\"673\" src=\"https:\/\/libert-art.com\/wp-content\/uploads\/2023\/10\/Femme-musique-receptive-1024x673.jpg\" alt=\"\" class=\"wp-image-238\" srcset=\"https:\/\/libert-art.com\/wp-content\/uploads\/2023\/10\/Femme-musique-receptive-1024x673.jpg 1024w, https:\/\/libert-art.com\/wp-content\/uploads\/2023\/10\/Femme-musique-receptive-300x197.jpg 300w, https:\/\/libert-art.com\/wp-content\/uploads\/2023\/10\/Femme-musique-receptive-768x505.jpg 768w, https:\/\/libert-art.com\/wp-content\/uploads\/2023\/10\/Femme-musique-receptive.jpg 1280w\" sizes=\"auto, (max-width: 1024px) 100vw, 1024px\" \/><\/figure>\n\n\n\n<figure class=\"wp-block-image size-large\"><img loading=\"lazy\" decoding=\"async\" width=\"1024\" height=\"682\" src=\"https:\/\/libert-art.com\/wp-content\/uploads\/2023\/10\/Huiles-essentielles-paquerettes-1024x682.jpg\" alt=\"\" class=\"wp-image-239\" srcset=\"https:\/\/libert-art.com\/wp-content\/uploads\/2023\/10\/Huiles-essentielles-paquerettes-1024x682.jpg 1024w, https:\/\/libert-art.com\/wp-content\/uploads\/2023\/10\/Huiles-essentielles-paquerettes-300x200.jpg 300w, https:\/\/libert-art.com\/wp-content\/uploads\/2023\/10\/Huiles-essentielles-paquerettes-768x512.jpg 768w, https:\/\/libert-art.com\/wp-content\/uploads\/2023\/10\/Huiles-essentielles-paquerettes.jpg 1280w\" sizes=\"auto, (max-width: 1024px) 100vw, 1024px\" \/><\/figure>\n\n\n\n<figure class=\"wp-block-image size-large\"><img loading=\"lazy\" decoding=\"async\" width=\"768\" height=\"1024\" src=\"https:\/\/libert-art.com\/wp-content\/uploads\/2023\/10\/koshi-4121797_1280-768x1024.jpg\" alt=\"\" class=\"wp-image-241\" srcset=\"https:\/\/libert-art.com\/wp-content\/uploads\/2023\/10\/koshi-4121797_1280-768x1024.jpg 768w, https:\/\/libert-art.com\/wp-content\/uploads\/2023\/10\/koshi-4121797_1280-225x300.jpg 225w, https:\/\/libert-art.com\/wp-content\/uploads\/2023\/10\/koshi-4121797_1280.jpg 960w\" sizes=\"auto, (max-width: 768px) 100vw, 768px\" \/><\/figure>\n\n\n\n<figure class=\"wp-block-image size-large is-style-rounded\"><img loading=\"lazy\" decoding=\"async\" width=\"1024\" height=\"1024\" src=\"https:\/\/libert-art.com\/wp-content\/uploads\/2023\/10\/Mandala-1024x1024.png\" alt=\"\" class=\"wp-image-242\" srcset=\"https:\/\/libert-art.com\/wp-content\/uploads\/2023\/10\/Mandala-1024x1024.png 1024w, https:\/\/libert-art.com\/wp-content\/uploads\/2023\/10\/Mandala-300x300.png 300w, https:\/\/libert-art.com\/wp-content\/uploads\/2023\/10\/Mandala-150x150.png 150w, https:\/\/libert-art.com\/wp-content\/uploads\/2023\/10\/Mandala-768x768.png 768w, https:\/\/libert-art.com\/wp-content\/uploads\/2023\/10\/Mandala.png 1280w\" sizes=\"auto, (max-width: 1024px) 100vw, 1024px\" \/><\/figure>\n<\/div>\n\n\n\n<p><em>Qu&rsquo;est ce qui rassemble ces th\u00e9rapies :<\/em><\/p>\n\n\n\n<p>Ce sont des th\u00e9rapies br\u00e8ves. Chacune vous relient \u00e0 vos \u00e9motions et vous aide \u00e0 vous connecter \u00e0 ce qui vous emp\u00eache d&rsquo;avancer. Elle lib\u00e8re votre \u00e9nergie et vous aide \u00e0 gagner en vitalit\u00e9 et \u00e0 r\u00e9duire les maladies. Quoiqu&rsquo;il se passe dans les s\u00e9ances ou se dise seule votre compr\u00e9hension finale, seule votre exp\u00e9rimentation compte. M\u00eame si dans la pr\u00e9sentation du parcours v\u00e9cu lors des s\u00e9ances je questionne, propose des pistes de r\u00e9flexions. Je vous laisse vous les approprier ou les r\u00e9futer. Je ne fais pas d&rsquo;interpr\u00e9tation.<\/p>\n\n\n\n<p>Ce qui diff\u00e8re en fonction des techniques :<\/p>\n\n\n\n<p>L&rsquo;une n\u00e9cessite votre passivit\u00e9, votre volont\u00e9 \u00e0 me faire confiance et \u00e0 vous laisser \u00eatre dans l&rsquo;instant pr\u00e9sent. La musicoth\u00e9rapie et l&rsquo;Art-th\u00e9rapie appellent \u00e0 votre activit\u00e9. Bien entendu, les outils utilis\u00e9s, les techniques mises en avant diff\u00e9rent.<\/p>\n\n\n\n<p>Lors de l&rsquo;olfactoth\u00e9rapie vous respirez des huiles essentielles et vous connectez leur \u00e9nergie. Avec la musicoth\u00e9rapie on peut utiliser des enregistrement, le corps et des instruments. Enfin, pour l&rsquo;art-th\u00e9rapie en fonction de vos capacit\u00e9s physiques votre \u00e2ge et vos envies on peut utiliser, le sable, les mandalas, la peinture sur feuilles plates ou gondol\u00e9es, le collage et pleins d&rsquo;autres supports. En fonction de ce sur quoi je veux \u00e9veiller vos ressentis les choix varient.<\/p>\n","protected":false},"excerpt":{"rendered":"<p>Qu&rsquo;est ce qui rassemble ces th\u00e9rapies : Ce sont des th\u00e9rapies br\u00e8ves. Chacune vous relient \u00e0 vos \u00e9motions et vous aide \u00e0 vous connecter \u00e0 ce qui vous emp\u00eache d&rsquo;avancer. Elle lib\u00e8re votre \u00e9nergie et vous aide \u00e0 gagner en vitalit\u00e9 et \u00e0 r\u00e9duire les maladies. Quoiqu&rsquo;il se passe dans les s\u00e9ances ou se dise&#8230;<\/p>\n","protected":false},"author":1,"featured_media":0,"parent":0,"menu_order":0,"comment_status":"closed","ping_status":"closed","template":"","meta":{"om_disable_all_campaigns":false,"_monsterinsights_skip_tracking":false,"_monsterinsights_sitenote_active":false,"_monsterinsights_sitenote_note":"","_monsterinsights_sitenote_category":0,"_kadence_starter_templates_imported_post":false,"_kad_post_transparent":"","_kad_post_title":"","_kad_post_layout":"","_kad_post_sidebar_id":"","_kad_post_content_style":"","_kad_post_vertical_padding":"","_kad_post_feature":"","_kad_post_feature_position":"","_kad_post_header":false,"_kad_post_footer":false,"footnotes":""},"class_list":["post-232","page","type-page","status-publish","hentry"],"_links":{"self":[{"href":"https:\/\/libert-art.com\/index.php\/wp-json\/wp\/v2\/pages\/232","targetHints":{"allow":["GET"]}}],"collection":[{"href":"https:\/\/libert-art.com\/index.php\/wp-json\/wp\/v2\/pages"}],"about":[{"href":"https:\/\/libert-art.com\/index.php\/wp-json\/wp\/v2\/types\/page"}],"author":[{"embeddable":true,"href":"https:\/\/libert-art.com\/index.php\/wp-json\/wp\/v2\/users\/1"}],"replies":[{"embeddable":true,"href":"https:\/\/libert-art.com\/index.php\/wp-json\/wp\/v2\/comments?post=232"}],"version-history":[{"count":5,"href":"https:\/\/libert-art.com\/index.php\/wp-json\/wp\/v2\/pages\/232\/revisions"}],"predecessor-version":[{"id":262,"href":"https:\/\/libert-art.com\/index.php\/wp-json\/wp\/v2\/pages\/232\/revisions\/262"}],"wp:attachment":[{"href":"https:\/\/libert-art.com\/index.php\/wp-json\/wp\/v2\/media?parent=232"}],"curies":[{"name":"wp","href":"https:\/\/api.w.org\/{rel}","templated":true}]}}